{"id":713,"date":"2021-10-05T17:42:17","date_gmt":"2021-10-05T16:42:17","guid":{"rendered":"https:\/\/www.filarmonicamaniago.it\/?page_id=713"},"modified":"2022-07-18T17:52:37","modified_gmt":"2022-07-18T16:52:37","slug":"banda-giovanile","status":"publish","type":"page","link":"https:\/\/www.filarmonicamaniago.it\/index.php\/banda-giovanile\/","title":{"rendered":"Bandino"},"content":{"rendered":"\t\t<div data-elementor-type=\"wp-page\" data-elementor-id=\"713\" class=\"elementor elementor-713\">\n\t\t\t\t\t\t<section class=\"elementor-section elementor-top-section elementor-element elementor-element-c0030dd elementor-section-boxed elementor-section-height-default elementor-section-height-default\" data-id=\"c0030dd\" data-element_type=\"section\">\n\t\t\t\t\t\t<div class=\"elementor-container elementor-column-gap-default\">\n\t\t\t\t\t<div class=\"elementor-column elementor-col-100 elementor-top-column elementor-element elementor-element-31961f2\" data-id=\"31961f2\" data-element_type=\"column\">\n\t\t\t<div class=\"elementor-widget-wrap elementor-element-populated\">\n\t\t\t\t\t\t<div class=\"elementor-element elementor-element-d53e0a4 elementor-widget elementor-widget-image\" data-id=\"d53e0a4\" data-element_type=\"widget\" data-widget_type=\"image.default\">\n\t\t\t\t<div class=\"elementor-widget-container\">\n\t\t\t\t\t\t\t\t\t\t\t\t\t\t\t<img fetchpriority=\"high\" decoding=\"async\" width=\"1024\" height=\"252\" src=\"https:\/\/www.filarmonicamaniago.it\/wp-content\/uploads\/2022\/02\/IMG-20190616-WA0000-1024x252.jpg\" class=\"attachment-large size-large wp-image-949\" alt=\"\" srcset=\"https:\/\/www.filarmonicamaniago.it\/wp-content\/uploads\/2022\/02\/IMG-20190616-WA0000-1024x252.jpg 1024w, https:\/\/www.filarmonicamaniago.it\/wp-content\/uploads\/2022\/02\/IMG-20190616-WA0000-300x74.jpg 300w, https:\/\/www.filarmonicamaniago.it\/wp-content\/uploads\/2022\/02\/IMG-20190616-WA0000-768x189.jpg 768w, https:\/\/www.filarmonicamaniago.it\/wp-content\/uploads\/2022\/02\/IMG-20190616-WA0000-1536x377.jpg 1536w, https:\/\/www.filarmonicamaniago.it\/wp-content\/uploads\/2022\/02\/IMG-20190616-WA0000.jpg 1600w\" sizes=\"(max-width: 1024px) 100vw, 1024px\" \/>\t\t\t\t\t\t\t\t\t\t\t\t\t\t\t<\/div>\n\t\t\t\t<\/div>\n\t\t\t\t\t<\/div>\n\t\t<\/div>\n\t\t\t\t\t<\/div>\n\t\t<\/section>\n\t\t\t\t<section class=\"elementor-section elementor-top-section elementor-element elementor-element-e7dbb2e elementor-section-boxed elementor-section-height-default elementor-section-height-default\" data-id=\"e7dbb2e\" data-element_type=\"section\">\n\t\t\t\t\t\t<div class=\"elementor-container elementor-column-gap-default\">\n\t\t\t\t\t<div class=\"elementor-column elementor-col-100 elementor-top-column elementor-element elementor-element-d033a90\" data-id=\"d033a90\" data-element_type=\"column\">\n\t\t\t<div class=\"elementor-widget-wrap elementor-element-populated\">\n\t\t\t\t\t\t<div class=\"elementor-element elementor-element-be4f551 elementor-widget elementor-widget-text-editor\" data-id=\"be4f551\" data-element_type=\"widget\" data-widget_type=\"text-editor.default\">\n\t\t\t\t<div class=\"elementor-widget-container\">\n\t\t\t\t\t\t\t\t\t<p><strong>Il Bandino<\/strong><\/p>\n<p>Il Corso ad Indirizzo Bandistico propone agli allievi iscritti, dopo le prime conoscenze basilari dello strumento, la possibilit\u00e0 di far parte gratuitamente del Gruppo di Musica d\u2019Insieme della Banda Giovanile denominata \u201cBandino\u201d. Il gruppo si ritrova per le prove ogni mercoled\u00ec dalle ore 18.00 alle ore 19.30, presso la sala prove della Filarmonica.<\/p>\n<p>Il Bandino ogni anno a giugno chiude il periodo dei saggi degli allievi della Scuola di Musica con una propria esibizione e partecipa, a Valvasone, alla rassegna provinciale delle Bande Giovanili della Provincia di Pordenone, organizzata dall&#8217;ANBIMA Provinciale, inoltre&nbsp; introduce il Concerto di Natale della Filarmonica.<br>Oltre a questi appuntamenti ormai consolidati il gruppo partecipa a manifestazioni musicali di vario genere anche fuori regione.<\/p>\n<p>Il repertorio spazia dai brani originali a trascrizioni di brani moderni. Alcuni arrangiamenti sono curati dal Maestro Lorenzo Marcolina, altri sono firmati dai pi\u00f9 autorevoli compositori di musica per banda e gruppi giovanili.<br>Tutti i brani hanno una finalit\u00e0 didattica e il repertorio segue una curva di difficolt\u00e0 crescente sino a portare i giovani componenti ad un livello sufficiente per poter entrare a far parte della Filarmonica. Ciclicamente l&#8217;organico si rinnova e il percorso didattico ricomincia.<\/p>\t\t\t\t\t\t\t\t<\/div>\n\t\t\t\t<\/div>\n\t\t\t\t\t<\/div>\n\t\t<\/div>\n\t\t\t\t\t<\/div>\n\t\t<\/section>\n\t\t\t\t<\/div>\n\t\t","protected":false},"excerpt":{"rendered":"<p>Il Bandino Il Corso ad Indirizzo Bandistico propone agli allievi iscritti, dopo le prime conoscenze basilari dello strumento, la possibilit\u00e0 di far parte gratuitamente del Gruppo di Musica d\u2019Insieme della Banda Giovanile denominata \u201cBandino\u201d. Il gruppo si ritrova per le prove ogni mercoled\u00ec dalle ore 18.00 alle ore 19.30, presso la sala prove della Filarmonica.&hellip;&nbsp;<a href=\"https:\/\/www.filarmonicamaniago.it\/index.php\/banda-giovanile\/\" rel=\"bookmark\"><span class=\"screen-reader-text\">Bandino<\/span><\/a><\/p>\n","protected":false},"author":1,"featured_media":0,"parent":0,"menu_order":0,"comment_status":"closed","ping_status":"closed","template":"","meta":{"neve_meta_sidebar":"","neve_meta_container":"","neve_meta_enable_content_width":"","neve_meta_content_width":0,"neve_meta_title_alignment":"","neve_meta_author_avatar":"","neve_post_elements_order":"","neve_meta_disable_header":"","neve_meta_disable_footer":"","neve_meta_disable_title":"","footnotes":""},"class_list":["post-713","page","type-page","status-publish","hentry"],"_links":{"self":[{"href":"https:\/\/www.filarmonicamaniago.it\/index.php\/wp-json\/wp\/v2\/pages\/713","targetHints":{"allow":["GET"]}}],"collection":[{"href":"https:\/\/www.filarmonicamaniago.it\/index.php\/wp-json\/wp\/v2\/pages"}],"about":[{"href":"https:\/\/www.filarmonicamaniago.it\/index.php\/wp-json\/wp\/v2\/types\/page"}],"author":[{"embeddable":true,"href":"https:\/\/www.filarmonicamaniago.it\/index.php\/wp-json\/wp\/v2\/users\/1"}],"replies":[{"embeddable":true,"href":"https:\/\/www.filarmonicamaniago.it\/index.php\/wp-json\/wp\/v2\/comments?post=713"}],"version-history":[{"count":14,"href":"https:\/\/www.filarmonicamaniago.it\/index.php\/wp-json\/wp\/v2\/pages\/713\/revisions"}],"predecessor-version":[{"id":1370,"href":"https:\/\/www.filarmonicamaniago.it\/index.php\/wp-json\/wp\/v2\/pages\/713\/revisions\/1370"}],"wp:attachment":[{"href":"https:\/\/www.filarmonicamaniago.it\/index.php\/wp-json\/wp\/v2\/media?parent=713"}],"curies":[{"name":"wp","href":"https:\/\/api.w.org\/{rel}","templated":true}]}}