{"id":620,"date":"2021-10-05T07:56:44","date_gmt":"2021-10-05T06:56:44","guid":{"rendered":"https:\/\/www.filarmonicamaniago.it\/?page_id=620"},"modified":"2022-05-25T15:29:21","modified_gmt":"2022-05-25T14:29:21","slug":"40-di-rifondazione","status":"publish","type":"page","link":"https:\/\/www.filarmonicamaniago.it\/index.php\/40-di-rifondazione\/","title":{"rendered":"40\u00b0 di rifondazione"},"content":{"rendered":"\t\t<div data-elementor-type=\"wp-page\" data-elementor-id=\"620\" class=\"elementor elementor-620\">\n\t\t\t\t\t\t<section class=\"elementor-section elementor-top-section elementor-element elementor-element-b6c4dae elementor-section-boxed elementor-section-height-default elementor-section-height-default\" data-id=\"b6c4dae\" data-element_type=\"section\">\n\t\t\t\t\t\t<div class=\"elementor-container elementor-column-gap-default\">\n\t\t\t\t\t<div class=\"elementor-column elementor-col-100 elementor-top-column elementor-element elementor-element-6eb1ab2\" data-id=\"6eb1ab2\" data-element_type=\"column\">\n\t\t\t<div class=\"elementor-widget-wrap elementor-element-populated\">\n\t\t\t\t\t\t<div class=\"elementor-element elementor-element-e10e5a7 elementor-widget elementor-widget-text-editor\" data-id=\"e10e5a7\" data-element_type=\"widget\" data-widget_type=\"text-editor.default\">\n\t\t\t\t<div class=\"elementor-widget-container\">\n\t\t\t\t\t\t\t\t\t<h2 id=\"imPgTitle\"><span style=\"font-size: 16px; font-family: var( --e-global-typography-text-font-family ), Sans-serif; font-weight: var( --e-global-typography-text-font-weight ); background-color: var(--nv-site-bg); letter-spacing: var(--bodyLetterSpacing); text-transform: var(--bodyTextTransform);\">Nel 2018 sono iniziati i festeggiamenti per il 40\u00b0 della rifondazione dell&#8217;Associazione Filarmonica Maniago, all\u2019interno dei quali sono stati ospitati alcuni concerti dell\u2019iniziativa \u201cBande in Festa 2018\u201d, patrocinata dall\u2019ANBIMA provinciale. I gruppi bandistici in programma sono stati sette: Gruppo Musicale Medunese, Filarmonica di Roveredo in Piano, Filarmonica di Valvasone, Banda \u201cA.Cesaratto\u201d di Vivaro, Filarmonica di Valeriano, Amici della Musica di Tamai, Filarmonica di Bagnarola e si sono esibiti presso il Borgo Coricama nelle serate di venerd\u00ec e sabato dal 6 al 14 luglio. Martedi\u2019 24 luglio la Filarmonica Maniago ha concluso l\u2019evento con il Concerto Celebrativo.<\/span><\/h2><div><div id=\"imCell_1\" class=\"imGrid[0, 0]\"><div id=\"imCellStyle_1\"><div id=\"imTextObject_1\"><p><span class=\"fs20\"><span class=\"ff1 cf3\">I festeggiamenti estivi hanno compreso anche la gita a Riva del Garda, svolta il 23 e il 24 giugno 2018 e il gemellaggio con il Corpo Bandistico di Riva.<br \/><\/span><\/span><\/p><p><b style=\"font-style: inherit;\">GIUSEPPE BRANDOLISIO<\/b><\/p><\/div><\/div><\/div><\/div><div><div id=\"imCell_2\" class=\"imGrid[1, 1]\"><div id=\"imCellStyle_2\"><div id=\"imTextObject_2\"><p><span class=\"fs20\"><span class=\"ff1 cf3\">primo direttore nel 1978<\/span><\/span><\/p><p><span class=\"fs20 ff1 cf3\"><i>Mentre si ricorda quel bellissimo 24 luglio 1978 che vide la rifondazione della Filarmonica Maniago dopo circa vent\u2019anni di sofferto silenzio, non si pu\u00f2 dimenticare Giuseppe Brandolisio, familiarmente chiamato \u201cBepeto\u201d, primo maestro a guidare i suonatori per un anno circa sia nelle prove che nelle uscite in particolare feste della comunit\u00e0 maniaghese.<br \/>L\u2019entusiasmo e il \u201ctuttinsieme\u201d tra Consiglio Direttivo, Maestro e bandisti erano alle stelle. L\u2019amicizia regnava sovrana e il numero dei suonatori in continuo aumento. L\u2019appartenenza alla Filarmonica costituiva vanto ed orgoglio presso amici e concittadini.<br \/>In poco tempo il Maestro prepar\u00f2 i suonatori ad eseguire brani musicali di forte impegno. Lui stesso per primo era entusiasta di poter dirigere la banda. La sua direzione era particolarmente calorosa, vigorosa, precisa\u2026 Basti nominare la marcia \u201cBorgosesia\u201d o le \u201cVillotte n. 1\u201d per ricordarlo immerso nella musica che poi concludeva s\u00ec con il gesto della mano, ma non senza un saltino sulla pedana per il colpo di chiusura.<br \/>E chi, da allora, siede ancora tra i suonatori attuali, ricorder\u00e0 che per un suono pi\u00f9 soft, meno metallico, meno aspro, diceva ai clarinetti (lui Primo clarinetto): \u201cBagnarse il lavro, bagnarse il lavro\u201d.<br \/>Per quanto e come ha tenuto alta la bandiera musicale di Maniago (pochi anni prima aveva dato vita alla Corale Maniaghese e la diresse fino all\u2019ultimo; era anche organista della parrocchia), Giuseppe Brandolisio meriterebbe molto di pi\u00f9 di queste poche righe. Lo spazio \u00e8 davvero poco. Il suo ricordo per\u00f2 \u00e8 sempre vivo.<br \/><\/i><\/span><\/p><p><span class=\"fs20 ff1 cf3\"><i>Edoardo Borean<\/i><br \/><\/span><\/p><\/div><\/div><\/div><\/div><div><div id=\"imCell_3\" class=\"imGrid[2, 2]\"><div id=\"imCellStyleGraphics_3\"><b style=\"font-style: inherit;\">MARCIA \u201cMANIAGO\u201d<\/b><\/div><div id=\"imCellStyle_3\"><div id=\"imTextObject_3\"><p><span class=\"fs20 ff1 cf3\">Nell\u2019ottobre del 2018 si \u00e8 realizzata un\u2019importante iniziativa, voluta dal maestro Lorenzo Marcolina e dal Consiglio Direttivo della A.F.M. e finanziata dall\u2019Amministrazione Comunale: il recupero di alcuni brani originali, presenti nell\u2019archivio musicale dell\u2019Associazione, con lo scopo di ricostruire almeno in parte il percorso storico musicale della Filarmonica.<br \/>I maestri del passato hanno scritto alcuni pezzi per la banda, lasciando cos\u00ec traccia del tipo di repertorio che veniva eseguito, del gusto musicale dell\u2019epoca, del livello musicale dei suonatori.<br \/>Il maestro Tandelli \u00e8 stato direttore della Filarmonica Maniago dal 1940 al 1948. Durante tale periodo ha composto alcuni brani tra cui la marcia \u201cManiago\u201d, lavoro originale che probabilmente risale al 1946.<br \/>In archivio sono state recuperate, da vari libretti vecchi, alcune parti di questa marcia manoscritte dello stesso maestro Tandelli. Il maestro Marcolina, da esse, ha realizzato una prima partitura riproducendo fedelmente le parti originali, successivamente ha prodotto una seconda stesura della partitura, aggiungendo solo le parti indispensabili, facendo riferimento anche alle modifiche lasciate del maestro Marti.<br \/>Nella terza e ultima stesura la partitura \u00e8 stata arricchita con strumentazione moderna e pezzi riportati con la corretta trasposizione. Le parti mancanti sono state aggiunte riprendendo, dove possibile, passaggi gi\u00e0 presenti e le armonie sono state rese pi\u00f9 chiare ed eventualmente completate.<br \/>Il risultato ottenuto dal lavoro del maestro Marcolina \u00e8 certamente lodevole e la Filarmonica Maniago \u00e8 orgogliosa di riproporre alla cittadinanza maniaghese la marcia \u201cManiago\u201d, riportando alla luce un pezzo importante della propria storia. \u00a0\u00a0<\/span><\/p><\/div><\/div><\/div><\/div>\t\t\t\t\t\t\t\t<\/div>\n\t\t\t\t<\/div>\n\t\t\t\t\t<\/div>\n\t\t<\/div>\n\t\t\t\t\t<\/div>\n\t\t<\/section>\n\t\t\t\t<\/div>\n\t\t","protected":false},"excerpt":{"rendered":"<p>Nel 2018 sono iniziati i festeggiamenti per il 40\u00b0 della rifondazione dell&#8217;Associazione Filarmonica Maniago, all\u2019interno dei quali sono stati ospitati alcuni concerti dell\u2019iniziativa \u201cBande in Festa 2018\u201d, patrocinata dall\u2019ANBIMA provinciale. I gruppi bandistici in programma sono stati sette: Gruppo Musicale Medunese, Filarmonica di Roveredo in Piano, Filarmonica di Valvasone, Banda \u201cA.Cesaratto\u201d di Vivaro, Filarmonica di&hellip;&nbsp;<a href=\"https:\/\/www.filarmonicamaniago.it\/index.php\/40-di-rifondazione\/\" rel=\"bookmark\"><span class=\"screen-reader-text\">40\u00b0 di rifondazione<\/span><\/a><\/p>\n","protected":false},"author":1,"featured_media":0,"parent":0,"menu_order":0,"comment_status":"closed","ping_status":"closed","template":"","meta":{"neve_meta_sidebar":"","neve_meta_container":"","neve_meta_enable_content_width":"","neve_meta_content_width":0,"neve_meta_title_alignment":"","neve_meta_author_avatar":"","neve_post_elements_order":"","neve_meta_disable_header":"","neve_meta_disable_footer":"","neve_meta_disable_title":"","footnotes":""},"class_list":["post-620","page","type-page","status-publish","hentry"],"_links":{"self":[{"href":"https:\/\/www.filarmonicamaniago.it\/index.php\/wp-json\/wp\/v2\/pages\/620","targetHints":{"allow":["GET"]}}],"collection":[{"href":"https:\/\/www.filarmonicamaniago.it\/index.php\/wp-json\/wp\/v2\/pages"}],"about":[{"href":"https:\/\/www.filarmonicamaniago.it\/index.php\/wp-json\/wp\/v2\/types\/page"}],"author":[{"embeddable":true,"href":"https:\/\/www.filarmonicamaniago.it\/index.php\/wp-json\/wp\/v2\/users\/1"}],"replies":[{"embeddable":true,"href":"https:\/\/www.filarmonicamaniago.it\/index.php\/wp-json\/wp\/v2\/comments?post=620"}],"version-history":[{"count":15,"href":"https:\/\/www.filarmonicamaniago.it\/index.php\/wp-json\/wp\/v2\/pages\/620\/revisions"}],"predecessor-version":[{"id":1108,"href":"https:\/\/www.filarmonicamaniago.it\/index.php\/wp-json\/wp\/v2\/pages\/620\/revisions\/1108"}],"wp:attachment":[{"href":"https:\/\/www.filarmonicamaniago.it\/index.php\/wp-json\/wp\/v2\/media?parent=620"}],"curies":[{"name":"wp","href":"https:\/\/api.w.org\/{rel}","templated":true}]}}